{"id":5874,"date":"2026-04-28T20:16:07","date_gmt":"2026-04-28T19:16:07","guid":{"rendered":"https:\/\/leseditionsducredij.org\/?post_type=product&#038;p=5874"},"modified":"2026-04-28T20:21:28","modified_gmt":"2026-04-28T19:21:28","slug":"code-du-travail-commente-et-annote","status":"publish","type":"product","link":"https:\/\/leseditionsducredij.org\/index.php\/produit\/code-du-travail-commente-et-annote\/","title":{"rendered":"Code du travail comment\u00e9 et annot\u00e9"},"content":{"rendered":"<p>Cet ouvrage n\u2019est pas qu&rsquo;une pr\u00e9sentation du texte applicable au Togo en droit du travail. C\u2019est un outil strat\u00e9gique, pens\u00e9 pour \u00e9clairer les professionnels confront\u00e9s \u00e0 des enjeux nouveaux :<br \/>\n\u2714\ufe0f compr\u00e9hension facilit\u00e9e des articles,<br \/>\n\u2714\ufe0f articulation claire entre texte, doctrine et jurisprudence,<br \/>\n\u2714\ufe0f analyses concr\u00e8tes pour la pratique quotidienne,<br \/>\n\u2714\ufe0fpistes pour la r\u00e9flexion, l&rsquo;\u00e9tude et la recherche en droit du travail.<br \/>\nCon\u00e7u dans une d\u00e9marche exigeante, l\u2019ouvrage offre une lecture moderne et intelligible du droit du travail, au service des avocats, des magistrats, des DRH et responsables d\u2019entreprise, des universitaires, et de tous ceux qui vivent, encadrent ou \u00e9tudient la relation de travail.<br \/>\nUn code comment\u00e9 et annot\u00e9 pour d\u00e9cider, pour comprendre et pour agir.<\/p>\n<p>Code du travail comment\u00e9 et annot\u00e9, Les Editions du CREDIJ, 2025<\/p>\n","protected":false},"excerpt":{"rendered":"<p>Le pr\u00e9sent volume offre une \u00e9dition int\u00e9grale et \u00e0 jour du Code de travail togolais, enrichie de commentaires et de notes jurisprudentielles, pour en faciliter la compr\u00e9hension et l&rsquo;application au quotidien. Fruit de la collaboration de praticiens et d&rsquo;universitaires sp\u00e9cialis\u00e9s en droit social, il constitue un outil indispensable tant pour l&rsquo;avocat, le magistrat, le conseiller juridique que pour l&#8217;employeur ou le repr\u00e9sentant du personnel.<\/p>\n<p>Gr\u00e2ce \u00e0 une approche \u00e0 la fois exhaustive et didactique, cet ouvrage vous guide article apr\u00e8s article dans l&rsquo;application du droit du travail au Togo, tout en offrant un aper\u00e7u des \u00e9volutions l\u00e9gislatives et jurisprudentielles .<\/p>\n<p>Ce Code annot\u00e9 esr un compagnon de r\u00e9f\u00e9rence, que vous soyez un cabinet, en entreprise ou en salle d&rsquo;audience.<\/p>\n<p>Efo\u00e9 DOSSEH-ANYRON, Agr\u00e9g\u00e9 des facult\u00e9s de droit est enseignant-chercheur \u00e0 la facult\u00e9 de droit de l&rsquo;Universit\u00e9 de Lom\u00e9 et chercheur associ\u00e9 au CEJESCO, laboratoire de droit priv\u00e9 de l&rsquo;Universit\u00e9 de Reims (France). Il est par ailleurs titulaire d&rsquo;un certificat en Leadership d&rsquo;HEC Paris et du certificat d&rsquo;aptitude \u00e0 la profession d&rsquo;avoact. Il enseigne et publie et droit social.<\/p>\n<p>Pierre-Paul ALIPOE est docteur en droit priv\u00e9 et enseigne \u00e0 l&rsquo;Universit\u00e9 de Lom\u00e9 notamment le droit du travail et le droit de la s\u00e9curit\u00e9 social. Il a d\u00e9velopp\u00e9 une expertise particuli\u00e8rd en droit social qu&rsquo;il met \u00e0 la disposition des partenaires sociaux. Cette expertise a \u00e9t\u00e9 particuli\u00e8rement sollicit\u00e9e lors de la r\u00e9daction du code de travail et iul participe actuellement \u00e0 l&rsquo;\u00e9laboratioon des diff\u00e9rents textes d&rsquo;application de ce code.<\/p>\n<p>Yaovi Agb\u00e9ko MONTCHO est titulaire d&rsquo;un Diplome d&rsquo;Etudes Approfondies en droit priv\u00e9 fondamental et d&rsquo;un Diplome d&rsquo;Etudes Sp\u00e9cialis\u00e9es en droit des affaires. Il est responsable du d\u00e9partement droit social a MARTIAL AKAKPO&amp;ASSOCIES, Soci\u00e9t\u00e9 d&rsquo;avocats au Barreau du Togo et est charg\u00e9 d&rsquo;enseignement dans plusieurs universit\u00e9s publiques et priv\u00e9es du Togo.<\/p>\n","protected":false},"featured_media":5875,"comment_status":"open","ping_status":"closed","template":"","meta":[],"authors":[134,135,136],"publishers":[],"product_brand":[],"product_cat":[91,119],"product_tag":[105],"class_list":{"0":"post-5874","1":"product","2":"type-product","3":"status-publish","4":"has-post-thumbnail","6":"authors-efoe-dosseh-anyron","7":"authors-pierre-paul-alipoe","8":"authors-yaovi-agbeko-montcho","9":"product_cat-code","10":"product_cat-formation","11":"product_tag-nouveautes","12":"entry","13":"has-media","16":"first","17":"instock","18":"shipping-taxable","19":"purchasable","20":"product-type-simple","21":"has-product-nav","22":"col","23":"span_1_of_4","24":"owp-content-center","25":"owp-thumbs-layout-horizontal","26":"owp-btn-normal","27":"owp-tabs-layout-horizontal","28":"has-no-thumbnails"},"jetpack_sharing_enabled":true,"_links":{"self":[{"href":"https:\/\/leseditionsducredij.org\/index.php\/wp-json\/wp\/v2\/product\/5874","targetHints":{"allow":["GET"]}}],"collection":[{"href":"https:\/\/leseditionsducredij.org\/index.php\/wp-json\/wp\/v2\/product"}],"about":[{"href":"https:\/\/leseditionsducredij.org\/index.php\/wp-json\/wp\/v2\/types\/product"}],"replies":[{"embeddable":true,"href":"https:\/\/leseditionsducredij.org\/index.php\/wp-json\/wp\/v2\/comments?post=5874"}],"wp:featuredmedia":[{"embeddable":true,"href":"https:\/\/leseditionsducredij.org\/index.php\/wp-json\/wp\/v2\/media\/5875"}],"wp:attachment":[{"href":"https:\/\/leseditionsducredij.org\/index.php\/wp-json\/wp\/v2\/media?parent=5874"}],"wp:term":[{"taxonomy":"authors","embeddable":true,"href":"https:\/\/leseditionsducredij.org\/index.php\/wp-json\/wp\/v2\/authors?post=5874"},{"taxonomy":"publishers","embeddable":true,"href":"https:\/\/leseditionsducredij.org\/index.php\/wp-json\/wp\/v2\/publishers?post=5874"},{"taxonomy":"product_brand","embeddable":true,"href":"https:\/\/leseditionsducredij.org\/index.php\/wp-json\/wp\/v2\/product_brand?post=5874"},{"taxonomy":"product_cat","embeddable":true,"href":"https:\/\/leseditionsducredij.org\/index.php\/wp-json\/wp\/v2\/product_cat?post=5874"},{"taxonomy":"product_tag","embeddable":true,"href":"https:\/\/leseditionsducredij.org\/index.php\/wp-json\/wp\/v2\/product_tag?post=5874"}],"curies":[{"name":"wp","href":"https:\/\/api.w.org\/{rel}","templated":true}]}}