{"id":5840,"date":"2025-10-20T11:11:46","date_gmt":"2025-10-20T10:11:46","guid":{"rendered":"https:\/\/leseditionsducredij.org\/?post_type=product&#038;p=5840"},"modified":"2026-03-24T03:29:31","modified_gmt":"2026-03-24T02:29:31","slug":"retour-sur-lhomme-et-la-terre-retrospectives-et-perspectives-liber-amicorum-en-lhonneur-de-guy-adjete-kouassigan","status":"publish","type":"product","link":"https:\/\/leseditionsducredij.org\/index.php\/produit\/retour-sur-lhomme-et-la-terre-retrospectives-et-perspectives-liber-amicorum-en-lhonneur-de-guy-adjete-kouassigan\/","title":{"rendered":"Retour sur l&rsquo;homme et la terre : R\u00e9trospectives et Perspectives. Liber amicorum en l&rsquo;honneur de Guy Adj\u00e9t\u00e9 KOUASSIGAN"},"content":{"rendered":"","protected":false},"excerpt":{"rendered":"<p><strong>Guy Adj\u00e9t\u00e9 KOOUASSIGAN<\/strong> incarne la figure de l&rsquo;enseignant-chercheur et de l&rsquo;avocat engag\u00e9 et exil\u00e9, disparu trop t\u00f4t, mais jamais oubli\u00e9. En fait, l&rsquo;id\u00e9e d&rsquo;un Liber amicorum en son honneur avait germ\u00e9, en octobre 2019 d&rsquo;une interrogation d&rsquo;un enseignant-chercheur de l&rsquo;Universit\u00e9 Toulouse Capitole (France) et d&rsquo;un Vice-Pr\u00e9sident de l&rsquo;Universit\u00e9 de Kara (Togo). Elle a fait son chemin depuis lors et, cinq ans plus tard, a int\u00e9ress\u00e9 le Centre de des affaires de l&rsquo;Universit\u00e9 de Lom\u00e9 (Togo), le Centre de Recherches et d&rsquo;Etudes en Droit et Institutions Judiciaires en Afrique (CREDIJ) de l&rsquo;Universit\u00e9 d&rsquo;Abomey-Calavi (B\u00e9nin) et le Laboratoire Droit patrimonial de la famille de l&rsquo;Ecole doctorale de des Sciences juridiques, politiques et de gestion (ED\/JPEG) de l&rsquo;Universit\u00e9 Cheikh Anta Diop de Dakar (S\u00e9n\u00e9gal). En conjuguant leurs efforts, ces institutions de recherche partenaires ont maintenant r\u00e9uni les enseignant-chercheur et de l&rsquo;avocat autour du th\u00e8me g\u00e9n\u00e9ral : \u00ab\u00a0Retour sur l&rsquo;homme et la terre : R\u00e9trospectives et Perspectives\u00a0\u00bb.<\/p>\n<p>L&rsquo;ouvrage contient aussi bien des contributions relevant du droit foncier, du droit de la famille, du droit des biens, du droit du cr\u00e9dit, du droit du d\u00e9veloppement, du doit international, du droit judiciaire, de la science politique, de l&rsquo;histoire du droit que des t\u00e9moignages.<\/p>\n<p>La\u00a0<strong>premi\u00e8re partie\u00a0<\/strong>intitul\u00e9e \u00ab\u00a0<strong>Autour de l&rsquo;universitaire<\/strong>\u00a0\u00bb est organis\u00e9e en deux domaines dont :<\/p>\n<p>I. Les destin\u00e9es du cri de Guy Adj\u00e9t\u00e9 KOUASSIGAN : \u00ab\u00a0Quelle est ma loi ?\u00a0\u00bb<\/p>\n<p>II. Les potentialit\u00e9s du droit comme facteur de d\u00e9veloppement<\/p>\n<p>La\u00a0<strong>seconde partie\u00a0<\/strong>intitutl\u00e9e \u00ab\u00a0Autour de l&rsquo;homme de terrain\u00a0\u00bb, r\u00e9serv\u00e9e aux analyses et t\u00e9moignages, est \u00e9galement organis\u00e9e en deux domaines dont :<\/p>\n<p>I. <strong>Guy Adj\u00e9t\u00e9 KOUASSIGAN<\/strong> ou le porteur d&rsquo;un projet politique<\/p>\n<p>II. <strong>Guy Adj\u00e9t\u00e9 KOUASSIGAN<\/strong> et le droit vivant<\/p>\n","protected":false},"featured_media":5842,"comment_status":"open","ping_status":"closed","template":"","meta":[],"authors":[108],"publishers":[],"product_brand":[],"product_cat":[96],"product_tag":[107,105],"class_list":{"0":"post-5840","1":"product","2":"type-product","3":"status-publish","4":"has-post-thumbnail","6":"authors-ouvrage_collectif","7":"product_cat-melanges","8":"product_tag-107","9":"product_tag-nouveautes","10":"entry","11":"has-media","14":"first","15":"outofstock","16":"shipping-taxable","17":"purchasable","18":"product-type-simple","19":"has-product-nav","20":"col","21":"span_1_of_4","22":"owp-content-center","23":"owp-thumbs-layout-horizontal","24":"owp-btn-normal","25":"owp-tabs-layout-horizontal","26":"has-no-thumbnails"},"jetpack_sharing_enabled":true,"_links":{"self":[{"href":"https:\/\/leseditionsducredij.org\/index.php\/wp-json\/wp\/v2\/product\/5840","targetHints":{"allow":["GET"]}}],"collection":[{"href":"https:\/\/leseditionsducredij.org\/index.php\/wp-json\/wp\/v2\/product"}],"about":[{"href":"https:\/\/leseditionsducredij.org\/index.php\/wp-json\/wp\/v2\/types\/product"}],"replies":[{"embeddable":true,"href":"https:\/\/leseditionsducredij.org\/index.php\/wp-json\/wp\/v2\/comments?post=5840"}],"wp:featuredmedia":[{"embeddable":true,"href":"https:\/\/leseditionsducredij.org\/index.php\/wp-json\/wp\/v2\/media\/5842"}],"wp:attachment":[{"href":"https:\/\/leseditionsducredij.org\/index.php\/wp-json\/wp\/v2\/media?parent=5840"}],"wp:term":[{"taxonomy":"authors","embeddable":true,"href":"https:\/\/leseditionsducredij.org\/index.php\/wp-json\/wp\/v2\/authors?post=5840"},{"taxonomy":"publishers","embeddable":true,"href":"https:\/\/leseditionsducredij.org\/index.php\/wp-json\/wp\/v2\/publishers?post=5840"},{"taxonomy":"product_brand","embeddable":true,"href":"https:\/\/leseditionsducredij.org\/index.php\/wp-json\/wp\/v2\/product_brand?post=5840"},{"taxonomy":"product_cat","embeddable":true,"href":"https:\/\/leseditionsducredij.org\/index.php\/wp-json\/wp\/v2\/product_cat?post=5840"},{"taxonomy":"product_tag","embeddable":true,"href":"https:\/\/leseditionsducredij.org\/index.php\/wp-json\/wp\/v2\/product_tag?post=5840"}],"curies":[{"name":"wp","href":"https:\/\/api.w.org\/{rel}","templated":true}]}}