{"id":5712,"date":"2025-05-16T19:10:54","date_gmt":"2025-05-16T18:10:54","guid":{"rendered":"https:\/\/leseditionsducredij.org\/?post_type=product&#038;p=5712"},"modified":"2025-07-08T20:18:10","modified_gmt":"2025-07-08T19:18:10","slug":"propos-sur-la-justice-et-le-proces","status":"publish","type":"product","link":"https:\/\/leseditionsducredij.org\/index.php\/produit\/propos-sur-la-justice-et-le-proces\/","title":{"rendered":"Propos sur la justice et le proc\u00e8s"},"content":{"rendered":"<p><em>Propos sur la justice et le proc\u00e8s<\/em> appara\u00eet comme une r\u00e9ponse et non la r\u00e9ponse, mais une tr\u00e8s bonne r\u00e9ponse, aux diff\u00e9rentes questions en proc\u00e8s dans la doctrine.<\/p>\n<p>Pour les processualistes et toute personne qui a eu, a ou aura affaire \u00e0 la justice -l&rsquo;institution-, ce livre est comme la boussole qui \u00e9vite \u00e0 tout sujet de s&rsquo;\u00e9carter du bon chemin. Il permet de mieux concevoir les notions de proc\u00e8s et de justice, a priori et a posteriori, ainsi que le lien qui existe entre elles : le proc\u00e8s, le proc\u00e9d\u00e9 r\u00e9el pour la recherche de la justice. L&rsquo;auteur nous montre comment appr\u00e9hender cette derni\u00e8re en droit pour d\u00e9sormais s&rsquo;abstenir de voir le proc\u00e8s ou le \u00ab\u00a0judiciaire\u00a0\u00bb comme le faiseur de mensonge.<\/p>\n<p>Un ouvrage th\u00e9orique, il vacille entre inactualit\u00e9s, actualit\u00e9s et virtualit\u00e9s pour mieux contenter la doctrine sur les diff\u00e9rentes pr\u00e9occupations actuelles, objet de vives discussions.<\/p>\n<p>&nbsp;<\/p>\n<p>&nbsp;<\/p>\n","protected":false},"excerpt":{"rendered":"<p>Il est vrai, qu\u2019il y a \u00e0 peine trois ans, une posture introductive avait d\u00e9j\u00e0 \u00e9t\u00e9 os\u00e9e et propos\u00e9e. Synth\u00e9tique, elle posait les bases d\u2019une r\u00e9flexion qui m\u00e9ritait d\u2019\u00eatre enrichie. A l\u2019instar de la pr\u00e9c\u00e9dente, la pr\u00e9sente contribution n\u2019a ni la pr\u00e9tention ni la vocation d\u2019une \u00e9tude th\u00e9orique syst\u00e9matique sur la justice et le proc\u00e8s. Elle r\u00e9pond \u00e0 la n\u00e9cessit\u00e9 d\u2019un essai, en forme de r\u00e9ponse \u00e0 quelques questions qui occupent la doctrine et la pratique en droit processuel. L\u2019approche synth\u00e9tique n\u2019\u00e9chappe pourtant pas \u00e0 la r\u00e9flexion. Il a paru en effet utile de maintenir, dans un premier souffle, les solutions aux questions essentielles d\u2019ordre g\u00e9n\u00e9ral (<strong>partie g\u00e9n\u00e9rale<\/strong>)\u00a0: la synopsie assure toujours une meilleure appr\u00e9hension de la r\u00e9alit\u00e9 particuli\u00e8re. Cette r\u00e9alit\u00e9 particuli\u00e8re est \u00e9videmment importante \u00e0 saisir en ce que, dans un second souffle, les questionnements sp\u00e9cifiques, appellent des r\u00e9ponses tout aussi particuli\u00e8res (<strong>partie sp\u00e9ciale<\/strong>).<\/p>\n","protected":false},"featured_media":5736,"comment_status":"open","ping_status":"closed","template":"","meta":[],"authors":[98],"publishers":[],"product_brand":[],"product_cat":[92],"product_tag":[109,105,130],"class_list":{"0":"post-5712","1":"product","2":"type-product","3":"status-publish","4":"has-post-thumbnail","6":"authors-joseph-djogbenou","7":"product_cat-cours-et-manuels","8":"product_tag-109","9":"product_tag-nouveautes","10":"product_tag-top-5","11":"entry","12":"has-media","15":"first","16":"instock","17":"shipping-taxable","18":"purchasable","19":"product-type-simple","20":"has-product-nav","21":"col","22":"span_1_of_4","23":"owp-content-center","24":"owp-thumbs-layout-horizontal","25":"owp-btn-normal","26":"owp-tabs-layout-horizontal","27":"has-no-thumbnails"},"jetpack_sharing_enabled":true,"_links":{"self":[{"href":"https:\/\/leseditionsducredij.org\/index.php\/wp-json\/wp\/v2\/product\/5712","targetHints":{"allow":["GET"]}}],"collection":[{"href":"https:\/\/leseditionsducredij.org\/index.php\/wp-json\/wp\/v2\/product"}],"about":[{"href":"https:\/\/leseditionsducredij.org\/index.php\/wp-json\/wp\/v2\/types\/product"}],"replies":[{"embeddable":true,"href":"https:\/\/leseditionsducredij.org\/index.php\/wp-json\/wp\/v2\/comments?post=5712"}],"wp:featuredmedia":[{"embeddable":true,"href":"https:\/\/leseditionsducredij.org\/index.php\/wp-json\/wp\/v2\/media\/5736"}],"wp:attachment":[{"href":"https:\/\/leseditionsducredij.org\/index.php\/wp-json\/wp\/v2\/media?parent=5712"}],"wp:term":[{"taxonomy":"authors","embeddable":true,"href":"https:\/\/leseditionsducredij.org\/index.php\/wp-json\/wp\/v2\/authors?post=5712"},{"taxonomy":"publishers","embeddable":true,"href":"https:\/\/leseditionsducredij.org\/index.php\/wp-json\/wp\/v2\/publishers?post=5712"},{"taxonomy":"product_brand","embeddable":true,"href":"https:\/\/leseditionsducredij.org\/index.php\/wp-json\/wp\/v2\/product_brand?post=5712"},{"taxonomy":"product_cat","embeddable":true,"href":"https:\/\/leseditionsducredij.org\/index.php\/wp-json\/wp\/v2\/product_cat?post=5712"},{"taxonomy":"product_tag","embeddable":true,"href":"https:\/\/leseditionsducredij.org\/index.php\/wp-json\/wp\/v2\/product_tag?post=5712"}],"curies":[{"name":"wp","href":"https:\/\/api.w.org\/{rel}","templated":true}]}}