{"id":4654,"date":"2023-04-27T20:33:59","date_gmt":"2023-04-27T19:33:59","guid":{"rendered":"https:\/\/leseditionsducredij.org\/?post_type=product&#038;p=4654"},"modified":"2025-08-17T20:53:05","modified_gmt":"2025-08-17T19:53:05","slug":"loi-n2020-20-du-02-septembre-2020-portant-creation-organisation-et-fonctionnement-des-entreprises-publiques-en-republique-du-benin-commentee-et-annotee","status":"publish","type":"product","link":"https:\/\/leseditionsducredij.org\/index.php\/produit\/loi-n2020-20-du-02-septembre-2020-portant-creation-organisation-et-fonctionnement-des-entreprises-publiques-en-republique-du-benin-commentee-et-annotee\/","title":{"rendered":"Loi n\u00b02020-20  du 02 septembre 2020  portant cr\u00e9ation, organisation et fonctionnement des entreprises publiques en R\u00e9publique du B\u00e9nin comment\u00e9e et annot\u00e9e"},"content":{"rendered":"<p>L\u2019ouvrage propose une analyse approfondie et d\u00e9taill\u00e9e de la loi et offre un \u00e9clairage utile du statut des entreprises publiques en R\u00e9publique du B\u00e9nin.<\/p>\n","protected":false},"excerpt":{"rendered":"<p>L\u2019ouvrage propose une analyse approfondie et d\u00e9taill\u00e9e de la loi et offre un \u00e9clairage utile du statut des entreprises publiques en R\u00e9publique du B\u00e9nin.<\/p>\n","protected":false},"featured_media":5764,"comment_status":"open","ping_status":"closed","template":"","meta":[],"authors":[114],"publishers":[],"product_brand":[],"product_cat":[91],"product_tag":[],"class_list":{"0":"post-4654","1":"product","2":"type-product","3":"status-publish","4":"has-post-thumbnail","6":"authors-eric-montcho-agbassa","7":"product_cat-code","8":"entry","9":"has-media","12":"first","13":"instock","14":"shipping-taxable","15":"purchasable","16":"product-type-simple","17":"has-product-nav","18":"col","19":"span_1_of_4","20":"owp-content-center","21":"owp-thumbs-layout-horizontal","22":"owp-btn-normal","23":"owp-tabs-layout-horizontal","24":"has-no-thumbnails"},"jetpack_sharing_enabled":true,"_links":{"self":[{"href":"https:\/\/leseditionsducredij.org\/index.php\/wp-json\/wp\/v2\/product\/4654","targetHints":{"allow":["GET"]}}],"collection":[{"href":"https:\/\/leseditionsducredij.org\/index.php\/wp-json\/wp\/v2\/product"}],"about":[{"href":"https:\/\/leseditionsducredij.org\/index.php\/wp-json\/wp\/v2\/types\/product"}],"replies":[{"embeddable":true,"href":"https:\/\/leseditionsducredij.org\/index.php\/wp-json\/wp\/v2\/comments?post=4654"}],"wp:featuredmedia":[{"embeddable":true,"href":"https:\/\/leseditionsducredij.org\/index.php\/wp-json\/wp\/v2\/media\/5764"}],"wp:attachment":[{"href":"https:\/\/leseditionsducredij.org\/index.php\/wp-json\/wp\/v2\/media?parent=4654"}],"wp:term":[{"taxonomy":"authors","embeddable":true,"href":"https:\/\/leseditionsducredij.org\/index.php\/wp-json\/wp\/v2\/authors?post=4654"},{"taxonomy":"publishers","embeddable":true,"href":"https:\/\/leseditionsducredij.org\/index.php\/wp-json\/wp\/v2\/publishers?post=4654"},{"taxonomy":"product_brand","embeddable":true,"href":"https:\/\/leseditionsducredij.org\/index.php\/wp-json\/wp\/v2\/product_brand?post=4654"},{"taxonomy":"product_cat","embeddable":true,"href":"https:\/\/leseditionsducredij.org\/index.php\/wp-json\/wp\/v2\/product_cat?post=4654"},{"taxonomy":"product_tag","embeddable":true,"href":"https:\/\/leseditionsducredij.org\/index.php\/wp-json\/wp\/v2\/product_tag?post=4654"}],"curies":[{"name":"wp","href":"https:\/\/api.w.org\/{rel}","templated":true}]}}