{"id":4308,"date":"2023-04-12T16:43:05","date_gmt":"2023-04-12T15:43:05","guid":{"rendered":"https:\/\/leseditionsducredij.org\/?post_type=product&#038;p=4308"},"modified":"2025-10-06T19:42:59","modified_gmt":"2025-10-06T18:42:59","slug":"commentaire-article-par-article-de-la-loi-n-2017-05-du-29-aout-2017-fixant-les-conditions-et-la-procedure-dembauche-de-placement-de-main-doeuvre-et-de-resiliation-du-contrat-de-travail-en","status":"publish","type":"product","link":"https:\/\/leseditionsducredij.org\/index.php\/produit\/commentaire-article-par-article-de-la-loi-n-2017-05-du-29-aout-2017-fixant-les-conditions-et-la-procedure-dembauche-de-placement-de-main-doeuvre-et-de-resiliation-du-contrat-de-travail-en\/","title":{"rendered":"Commentaire article par\u00a0article de la loi n\u00b0 2017-05 du 29 ao\u00fbt 2017 fixant les conditions et la proc\u00e9dure d\u2019embauche, de placement de main-d\u2019\u0153uvre et de r\u00e9siliation du contrat de travail en R\u00e9publique du B\u00e9nin, 2019"},"content":{"rendered":"<p>Sous la direction de : Samson Igor Bidossessi GUEDEGBE<\/p>\n<p>Agr\u00e9g\u00e9 des facult\u00e9s de droit, Titulaire de la Chaire UNESCO<\/p>\n<p>DPHD<\/p>\n<p>Avec le concours, pour la pr\u00e9sente \u00e9dition, de :<\/p>\n<ul>\n<li>Modeste AIKPE, Juriste<\/li>\n<li>Harris Kelvin M. AMOUA, Juriste<\/li>\n<li>Cheikh BRAHIMA, Juriste<\/li>\n<li>Kola Pierre C. OLANYGNAN, Juriste<\/li>\n<\/ul>\n","protected":false},"excerpt":{"rendered":"<p>COMMENTAIRE<\/p>\n<p>ARTICLE PAR<\/p>\n<p>ARTICLE<\/p>\n<p>DE LA LOI N\u00b0 2017-05 DU 29 AOUT 2017<\/p>\n<p>FIXANT LES CONDITIONS ET LA<\/p>\n<p>PROCEDURE D&rsquo;EMBAUCHE, DE PLACEMENT DE MAIN-D&rsquo;\u0152UVRE ET DE RESILIATION DU CONTRAT DE TRAVAIL EN REPUBLIQUE DU<\/p>\n<p>Une profonde mutation du<\/p>\n<p>BENIN droit social est intervenue<\/p>\n<p>en ao\u00fbt 2017 par l&rsquo;entr\u00e9e<\/p>\n<p>(1ere \u00e9dition)<\/p>\n<p>en vigueur de la Loi n\u00b0 2017- 05 du 29 ao\u00fbt<\/p>\n<p>2017 fixant les conditions<\/p>\n<p>et la proc\u00e9dure d&#8217;embauche, de placement de main-d&rsquo;\u0153uvre et de r\u00e9siliation du contrat de travail en R\u00e9publique du B\u00e9nin<\/p>\n<p>Elle est mue par la volont\u00e9 du l\u00e9gislateur de \u00ab rendre plus facile le march\u00e9 du travail et de l&#8217;emploi au B\u00e9nin \u00bb.<\/p>\n<p>On rel\u00e8ve une mutation de paradigme et une mutation cons\u00e9quente du droit positif. En substance, la r\u00e9forme du droit social ainsi intervenue, r\u00e9v\u00e8le une \u00e9volution et une r\u00e9volution de la mati\u00e8re, lesquelles ont suscit\u00e9 l&rsquo;entreprise de la pr\u00e9sente annotation.<\/p>\n","protected":false},"featured_media":4625,"comment_status":"open","ping_status":"closed","template":"","meta":[],"authors":[99],"publishers":[],"product_brand":[],"product_cat":[91],"product_tag":[],"class_list":{"0":"post-4308","1":"product","2":"type-product","3":"status-publish","4":"has-post-thumbnail","6":"authors-samson-igor-bidossessi-guedegbe","7":"product_cat-code","8":"entry","9":"has-media","12":"first","13":"outofstock","14":"shipping-taxable","15":"purchasable","16":"product-type-simple","17":"has-product-nav","18":"col","19":"span_1_of_4","20":"owp-content-center","21":"owp-thumbs-layout-horizontal","22":"owp-btn-normal","23":"owp-tabs-layout-horizontal","24":"has-no-thumbnails"},"jetpack_sharing_enabled":true,"_links":{"self":[{"href":"https:\/\/leseditionsducredij.org\/index.php\/wp-json\/wp\/v2\/product\/4308","targetHints":{"allow":["GET"]}}],"collection":[{"href":"https:\/\/leseditionsducredij.org\/index.php\/wp-json\/wp\/v2\/product"}],"about":[{"href":"https:\/\/leseditionsducredij.org\/index.php\/wp-json\/wp\/v2\/types\/product"}],"replies":[{"embeddable":true,"href":"https:\/\/leseditionsducredij.org\/index.php\/wp-json\/wp\/v2\/comments?post=4308"}],"wp:featuredmedia":[{"embeddable":true,"href":"https:\/\/leseditionsducredij.org\/index.php\/wp-json\/wp\/v2\/media\/4625"}],"wp:attachment":[{"href":"https:\/\/leseditionsducredij.org\/index.php\/wp-json\/wp\/v2\/media?parent=4308"}],"wp:term":[{"taxonomy":"authors","embeddable":true,"href":"https:\/\/leseditionsducredij.org\/index.php\/wp-json\/wp\/v2\/authors?post=4308"},{"taxonomy":"publishers","embeddable":true,"href":"https:\/\/leseditionsducredij.org\/index.php\/wp-json\/wp\/v2\/publishers?post=4308"},{"taxonomy":"product_brand","embeddable":true,"href":"https:\/\/leseditionsducredij.org\/index.php\/wp-json\/wp\/v2\/product_brand?post=4308"},{"taxonomy":"product_cat","embeddable":true,"href":"https:\/\/leseditionsducredij.org\/index.php\/wp-json\/wp\/v2\/product_cat?post=4308"},{"taxonomy":"product_tag","embeddable":true,"href":"https:\/\/leseditionsducredij.org\/index.php\/wp-json\/wp\/v2\/product_tag?post=4308"}],"curies":[{"name":"wp","href":"https:\/\/api.w.org\/{rel}","templated":true}]}}