{"id":4290,"date":"2023-04-06T15:51:24","date_gmt":"2023-04-06T14:51:24","guid":{"rendered":"https:\/\/leseditionsducredij.org\/?post_type=product&#038;p=4290"},"modified":"2023-05-15T15:03:00","modified_gmt":"2023-05-15T14:03:00","slug":"introduction-a-letude-du-droit-perspectives-africaines","status":"publish","type":"product","link":"https:\/\/leseditionsducredij.org\/index.php\/produit\/introduction-a-letude-du-droit-perspectives-africaines\/","title":{"rendered":"\u00a0Introduction \u00e0 l\u2019\u00e9tude du droit. Perspectives africaines"},"content":{"rendered":"<p>L&rsquo;enseignement du droit en Afrique ne diff\u00e8re gu\u00e8re substantiellement quant aux concepts primordiaux, de celui dispens\u00e9 ailleurs : Le droit objectif fixe la r\u00e8gle de droit, les droits subjectifs permettent son appro-priation. Les sujets de droit sont les personnes, physiques ou morales, qui ont \u00e0 leur disposition les biens dont le contenu est en constante \u00e9volution.<\/p>\n<p>Mais le contexte africain, avec les acquis et les charges historiques; les impacts sociologique, culturels et, pour certains, cultuels ; les efforts continu de communautarisation; imposent qu&rsquo;il soit mu au gr\u00e9 de ces perspectives identitaires. C&rsquo;est, sans aucune retenue, le d\u00e9fi de cette contribution \u00e0 l&rsquo;endroit surtout des \u00e9tudiants en licence et en master. Elle introduit l&rsquo;\u00e9tudiant \u00e0 la connaissance du droit, au travers des concepts et de l&rsquo;\u00e9volution. Elle fixe ensuite les cat\u00e9gories du droit, notamment au moyen des distinctions classiques entre le Droit objectif et les droits sub-jectifs; situe les sujets du droit ainsi que les biens. Dans le sillage des Anciens, les auteurs proposent d&rsquo;ouvrir de nouvelles fen\u00eatres, sur l&rsquo;Afrique et le Monde ; sur le droit, l&rsquo;\u00eatre humain et les soci\u00e9t\u00e9s.<\/p>\n<p>Doroth\u00e9 Cossi SOSSA est agr\u00e9g\u00e9 des facult\u00e9s de droit. Plusieurs fois ministre, il est professeur titulaire et Doyen honoraire \u00e0 la Facult\u00e9 de droit et de sciences politiques de l&rsquo;Universit\u00e9 d&rsquo;Abomey-Calavi. Ancien Avocat au Barreau du B\u00e9nin, il est le Secr\u00e9taire permanent en exercice de l&rsquo;OHADA.<\/p>\n<p>Joseph DJOGBENOU est agr\u00e9g\u00e9 des facult\u00e9s de droit et Avocat au Barreau du B\u00e9nin. Ma\u00eetre de conf\u00e9rences \u00e0 la Facult\u00e9 de droit et de sciences politiques de l&rsquo;Universit\u00e9 d&rsquo;Abomey-Calavi, il est le directeur du CREDIJ.<\/p>\n","protected":false},"excerpt":{"rendered":"<p><em>Introduction \u00e0 l\u2019\u00e9tude du droit. Perspectives africaines<\/em>, 2012, 397 pages<\/p>\n","protected":false},"featured_media":4610,"comment_status":"open","ping_status":"closed","template":"","meta":[],"authors":[100,98],"publishers":[],"product_brand":[],"product_cat":[92],"product_tag":[],"class_list":{"0":"post-4290","1":"product","2":"type-product","3":"status-publish","4":"has-post-thumbnail","6":"authors-cossi-dorothe-sossa","7":"authors-joseph-djogbenou","8":"product_cat-cours-et-manuels","9":"entry","10":"has-media","13":"first","14":"outofstock","15":"shipping-taxable","16":"purchasable","17":"product-type-simple","18":"has-product-nav","19":"col","20":"span_1_of_4","21":"owp-content-center","22":"owp-thumbs-layout-horizontal","23":"owp-btn-normal","24":"owp-tabs-layout-horizontal","25":"has-no-thumbnails"},"jetpack_sharing_enabled":true,"_links":{"self":[{"href":"https:\/\/leseditionsducredij.org\/index.php\/wp-json\/wp\/v2\/product\/4290","targetHints":{"allow":["GET"]}}],"collection":[{"href":"https:\/\/leseditionsducredij.org\/index.php\/wp-json\/wp\/v2\/product"}],"about":[{"href":"https:\/\/leseditionsducredij.org\/index.php\/wp-json\/wp\/v2\/types\/product"}],"replies":[{"embeddable":true,"href":"https:\/\/leseditionsducredij.org\/index.php\/wp-json\/wp\/v2\/comments?post=4290"}],"wp:featuredmedia":[{"embeddable":true,"href":"https:\/\/leseditionsducredij.org\/index.php\/wp-json\/wp\/v2\/media\/4610"}],"wp:attachment":[{"href":"https:\/\/leseditionsducredij.org\/index.php\/wp-json\/wp\/v2\/media?parent=4290"}],"wp:term":[{"taxonomy":"authors","embeddable":true,"href":"https:\/\/leseditionsducredij.org\/index.php\/wp-json\/wp\/v2\/authors?post=4290"},{"taxonomy":"publishers","embeddable":true,"href":"https:\/\/leseditionsducredij.org\/index.php\/wp-json\/wp\/v2\/publishers?post=4290"},{"taxonomy":"product_brand","embeddable":true,"href":"https:\/\/leseditionsducredij.org\/index.php\/wp-json\/wp\/v2\/product_brand?post=4290"},{"taxonomy":"product_cat","embeddable":true,"href":"https:\/\/leseditionsducredij.org\/index.php\/wp-json\/wp\/v2\/product_cat?post=4290"},{"taxonomy":"product_tag","embeddable":true,"href":"https:\/\/leseditionsducredij.org\/index.php\/wp-json\/wp\/v2\/product_tag?post=4290"}],"curies":[{"name":"wp","href":"https:\/\/api.w.org\/{rel}","templated":true}]}}