{"id":1266,"date":"2021-10-28T13:33:20","date_gmt":"2021-10-28T11:33:20","guid":{"rendered":"http:\/\/hostacmee.space\/demo\/bookchoix\/?page_id=1266"},"modified":"2025-07-07T11:45:57","modified_gmt":"2025-07-07T10:45:57","slug":"nous-contacter","status":"publish","type":"page","link":"https:\/\/leseditionsducredij.org\/index.php\/nous-contacter\/","title":{"rendered":"Nous contacter"},"content":{"rendered":"\t\t<div data-elementor-type=\"wp-page\" data-elementor-id=\"1266\" class=\"elementor elementor-1266\">\n\t\t\t\t\t\t<section class=\"elementor-section elementor-top-section elementor-element elementor-element-2bace44 elementor-section-full_width elementor-section-height-default elementor-section-height-default wpr-particle-no wpr-jarallax-no wpr-parallax-no wpr-sticky-section-no\" data-id=\"2bace44\" data-element_type=\"section\">\n\t\t\t\t\t\t<div class=\"elementor-container elementor-column-gap-default\">\n\t\t\t\t\t<div class=\"elementor-column elementor-col-50 elementor-top-column elementor-element elementor-element-5aad809\" data-id=\"5aad809\" data-element_type=\"column\" data-settings=\"{&quot;background_background&quot;:&quot;classic&quot;}\">\n\t\t\t<div class=\"elementor-widget-wrap elementor-element-populated\">\n\t\t\t\t\t\t<div class=\"elementor-element elementor-element-56c7623 elementor-widget elementor-widget-bookchoix_heading\" data-id=\"56c7623\" data-element_type=\"widget\" data-widget_type=\"bookchoix_heading.default\">\n\t\t\t\t<div class=\"elementor-widget-container\">\n\t\t\t\t\t    <div class=\"acm-heading tripple content-center-align-align\">\n                      <h2 class=\"acm-title\">informations de contact<\/h2>\n                    <div class=\"acm-heading-border\"><\/div>\n      \n    <\/div>\n\n    \t\t\t\t<\/div>\n\t\t\t\t<\/div>\n\t\t\t\t<div class=\"elementor-element elementor-element-0b03f9d elementor-widget elementor-widget-bookchoix_feature3\" data-id=\"0b03f9d\" data-element_type=\"widget\" data-widget_type=\"bookchoix_feature3.default\">\n\t\t\t\t<div class=\"elementor-widget-container\">\n\t\t\t\t\t\r\n\t<div class=\"acm-feature-3  wow fadeInUp\" data-wow-duration=\"2s\" data-wow-delay=\"0.2s\">\r\n\t\t\t\t<div class=\"acm-f3-content acm_p-6 xl:acm_p-12 acm_flex\">\r\n\t\t\t\t\t\t<span\tclass=\"acm_f3-icon-wrap acm_icon acm_text-8xl acm_mr-8 acm_text-transparent\">\r\n\t\t\t\t\t\t\t\t\t<i aria-hidden=\"true\" class=\"icon icon-paper-plane\"><\/i>\t\t\t\t\t\t\t\t<\/span>\r\n\t\t\t\t\t\t<div>\r\n\t\t\t\t\t\t\t<div class=\"acm_heading acm_text-lg acm_no-underline\">\r\n\t\t\t\t\t\t\t\t\t\t\t\t\t\t\t\t\t\tSi\u00e8ge social\t\t\t\t\t\t\t\t\r\n\t\t\t\t\t\t\t<\/div>\r\n\t\t\t\t\t\t\t\t<p class=\"acm_description acm_text-base acm_mt-2 acm_mb-0 acm_leading-7\"><\/p>\r\n\t\t\t\t\t\t<\/div>\r\n\r\n\t\t\t\t<\/div>\r\n\t\t<\/div>\r\n\r\n\t\t\t\t<\/div>\n\t\t\t\t<\/div>\n\t\t\t\t<div class=\"elementor-element elementor-element-866581e elementor-widget elementor-widget-bookchoix_border\" data-id=\"866581e\" data-element_type=\"widget\" data-widget_type=\"bookchoix_border.default\">\n\t\t\t\t<div class=\"elementor-widget-container\">\n\t\t\t\t\t\r\n\t<div class=\"acm_el-border\">\r\n\t<\/div>\r\n\r\n\t\t\t\t<\/div>\n\t\t\t\t<\/div>\n\t\t\t\t<div class=\"elementor-element elementor-element-cf4ca45 elementor-widget elementor-widget-text-editor\" data-id=\"cf4ca45\" data-element_type=\"widget\" data-widget_type=\"text-editor.default\">\n\t\t\t\t<div class=\"elementor-widget-container\">\n\t\t\t\t\t\t\t\t\t<p>Lot 957 Sik\u00e8codji, Immeuble Fifamin, Cotonou, 01 BP 44 52<\/p>\t\t\t\t\t\t\t\t<\/div>\n\t\t\t\t<\/div>\n\t\t\t\t<div class=\"elementor-element elementor-element-c15d0f9 elementor-widget elementor-widget-bookchoix_feature3\" data-id=\"c15d0f9\" data-element_type=\"widget\" data-widget_type=\"bookchoix_feature3.default\">\n\t\t\t\t<div class=\"elementor-widget-container\">\n\t\t\t\t\t\r\n\t<div class=\"acm-feature-3  wow fadeInUp\" data-wow-duration=\"2s\" data-wow-delay=\"0.2s\">\r\n\t\t\t\t<div class=\"acm-f3-content acm_p-6 xl:acm_p-12 acm_flex\">\r\n\t\t\t\t\t\t<span\tclass=\"acm_f3-icon-wrap acm_icon acm_text-8xl acm_mr-8 acm_text-transparent\">\r\n\t\t\t\t\t\t\t\t\t<i aria-hidden=\"true\" class=\"icon icon-call-in\"><\/i>\t\t\t\t\t\t\t\t<\/span>\r\n\t\t\t\t\t\t<div>\r\n\t\t\t\t\t\t\t<div class=\"acm_heading acm_text-lg acm_no-underline\">\r\n\t\t\t\t\t\t\t\t\t\t\t\t\t\t\t\t\t\tAppelez-nous\t\t\t\t\t\t\t\t\r\n\t\t\t\t\t\t\t<\/div>\r\n\t\t\t\t\t\t\t\t<p class=\"acm_description acm_text-base acm_mt-2 acm_mb-0 acm_leading-7\"><\/p>\r\n\t\t\t\t\t\t<\/div>\r\n\r\n\t\t\t\t<\/div>\r\n\t\t<\/div>\r\n\r\n\t\t\t\t<\/div>\n\t\t\t\t<\/div>\n\t\t\t\t<div class=\"elementor-element elementor-element-71c7047 elementor-widget elementor-widget-bookchoix_border\" data-id=\"71c7047\" data-element_type=\"widget\" data-widget_type=\"bookchoix_border.default\">\n\t\t\t\t<div class=\"elementor-widget-container\">\n\t\t\t\t\t\r\n\t<div class=\"acm_el-border\">\r\n\t<\/div>\r\n\r\n\t\t\t\t<\/div>\n\t\t\t\t<\/div>\n\t\t\t\t<div class=\"elementor-element elementor-element-234b64f elementor-widget elementor-widget-text-editor\" data-id=\"234b64f\" data-element_type=\"widget\" data-widget_type=\"text-editor.default\">\n\t\t\t\t<div class=\"elementor-widget-container\">\n\t\t\t\t\t\t\t\t\t<p>Lundi &#8211; Samedi : O8h &#8211; 19h<\/p><p>@ <span style=\"color: #ffffff\"><a style=\"color: #ffffff\" href=\"http:\/\/wa.me\/+22964222275\">+229 01 64 22 22 75<\/a><\/span><\/p><p>@ <span style=\"color: #ffffff\"><a style=\"color: #ffffff\" href=\"http:\/\/wa.me\/+22995568375\">+229 01 95 56 83 75<\/a><\/span><\/p>\t\t\t\t\t\t\t\t<\/div>\n\t\t\t\t<\/div>\n\t\t\t\t<div class=\"elementor-element elementor-element-e8aa828 elementor-widget elementor-widget-bookchoix_feature3\" data-id=\"e8aa828\" data-element_type=\"widget\" data-widget_type=\"bookchoix_feature3.default\">\n\t\t\t\t<div class=\"elementor-widget-container\">\n\t\t\t\t\t\r\n\t<div class=\"acm-feature-3  wow fadeInUp\" data-wow-duration=\"2s\" data-wow-delay=\"0.2s\">\r\n\t\t\t\t<div class=\"acm-f3-content acm_p-6 xl:acm_p-12 acm_flex\">\r\n\t\t\t\t\t\t<span\tclass=\"acm_f3-icon-wrap acm_icon acm_text-8xl acm_mr-8 acm_text-transparent\">\r\n\t\t\t\t\t\t\t\t\t<i aria-hidden=\"true\" class=\"far fa-envelope\"><\/i>\t\t\t\t\t\t\t\t<\/span>\r\n\t\t\t\t\t\t<div>\r\n\t\t\t\t\t\t\t<div class=\"acm_heading acm_text-lg acm_no-underline\">\r\n\t\t\t\t\t\t\t\t\t\t\t\t\t\t\t\t\t\t\u00c9crivez-nous\t\t\t\t\t\t\t\t\r\n\t\t\t\t\t\t\t<\/div>\r\n\t\t\t\t\t\t\t\t<p class=\"acm_description acm_text-base acm_mt-2 acm_mb-0 acm_leading-7\"><\/p>\r\n\t\t\t\t\t\t<\/div>\r\n\r\n\t\t\t\t<\/div>\r\n\t\t<\/div>\r\n\r\n\t\t\t\t<\/div>\n\t\t\t\t<\/div>\n\t\t\t\t<div class=\"elementor-element elementor-element-4bf3f99 elementor-widget elementor-widget-bookchoix_border\" data-id=\"4bf3f99\" data-element_type=\"widget\" data-widget_type=\"bookchoix_border.default\">\n\t\t\t\t<div class=\"elementor-widget-container\">\n\t\t\t\t\t\r\n\t<div class=\"acm_el-border\">\r\n\t<\/div>\r\n\r\n\t\t\t\t<\/div>\n\t\t\t\t<\/div>\n\t\t\t\t<div class=\"elementor-element elementor-element-8afd0cc elementor-widget elementor-widget-text-editor\" data-id=\"8afd0cc\" data-element_type=\"widget\" data-widget_type=\"text-editor.default\">\n\t\t\t\t<div class=\"elementor-widget-container\">\n\t\t\t\t\t\t\t\t\t<p><span style=\"color: #ffffff\"><a style=\"color: #ffffff\" href=\"mailto:contact@leseditionsducredij.org\">contact@leseditionsducredij.org<\/a><\/span><\/p>\t\t\t\t\t\t\t\t<\/div>\n\t\t\t\t<\/div>\n\t\t\t\t\t<\/div>\n\t\t<\/div>\n\t\t\t\t<div class=\"elementor-column elementor-col-50 elementor-top-column elementor-element elementor-element-55c2df6\" data-id=\"55c2df6\" data-element_type=\"column\" data-settings=\"{&quot;background_background&quot;:&quot;classic&quot;}\">\n\t\t\t<div class=\"elementor-widget-wrap elementor-element-populated\">\n\t\t\t\t\t\t<div class=\"elementor-element elementor-element-7df02f8 elementor-widget elementor-widget-bookchoix_heading\" data-id=\"7df02f8\" data-element_type=\"widget\" data-widget_type=\"bookchoix_heading.default\">\n\t\t\t\t<div class=\"elementor-widget-container\">\n\t\t\t\t\t    <div class=\"acm-heading tripple content-center-align-align\">\n              <div class=\"acm-heading-prefix\">\n          Besoin d&#039;aide?        <\/div>\n                      <h2 class=\"acm-title\">Vous avez une question ?<\/h2>\n                    <div class=\"acm-heading-border\"><\/div>\n      \n    <\/div>\n\n    \t\t\t\t<\/div>\n\t\t\t\t<\/div>\n\t\t\t\t<div class=\"elementor-element elementor-element-3a10ee1 elementor-widget elementor-widget-image\" data-id=\"3a10ee1\" data-element_type=\"widget\" data-widget_type=\"image.default\">\n\t\t\t\t<div class=\"elementor-widget-container\">\n\t\t\t\t\t\t\t\t\t\t\t\t\t\t\t<img fetchpriority=\"high\" decoding=\"async\" width=\"800\" height=\"600\" src=\"https:\/\/leseditionsducredij.org\/wp-content\/uploads\/2024\/05\/mail-12-600.gif\" class=\"attachment-large size-large wp-image-5560\" alt=\"\" \/>\t\t\t\t\t\t\t\t\t\t\t\t\t\t\t<\/div>\n\t\t\t\t<\/div>\n\t\t\t\t<div class=\"elementor-element elementor-element-50a4a50 elementor-hidden-desktop elementor-hidden-tablet elementor-hidden-mobile elementor-widget elementor-widget-wpforms\" data-id=\"50a4a50\" data-element_type=\"widget\" data-widget_type=\"wpforms.default\">\n\t\t\t\t<div class=\"elementor-widget-container\">\n\t\t\t\t\t<div class=\"wpforms-container wpforms-container-full\" id=\"wpforms-4053\"><form id=\"wpforms-form-4053\" class=\"wpforms-validate wpforms-form wpforms-ajax-form\" data-formid=\"4053\" method=\"post\" enctype=\"multipart\/form-data\" action=\"\/index.php\/wp-json\/wp\/v2\/pages\/1266\" data-token=\"2379284af920943eece2fdc6b426f4cf\" data-token-time=\"1777040931\"><noscript class=\"wpforms-error-noscript\">Veuillez activer JavaScript dans votre navigateur pour remplir ce formulaire.<\/noscript><div class=\"wpforms-field-container\"><div id=\"wpforms-4053-field_6-container\" class=\"wpforms-field wpforms-field-text wpforms-one-half wpforms-first\" data-field-id=\"6\"><label class=\"wpforms-field-label\" for=\"wpforms-4053-field_6\">Pr\u00e9nom <span class=\"wpforms-required-label\">*<\/span><\/label><input type=\"text\" id=\"wpforms-4053-field_6\" class=\"wpforms-field-large wpforms-field-required\" name=\"wpforms[fields][6]\" required><\/div><div id=\"wpforms-4053-field_7-container\" class=\"wpforms-field wpforms-field-text wpforms-one-half\" data-field-id=\"7\"><label class=\"wpforms-field-label\" for=\"wpforms-4053-field_7\">Nom <span class=\"wpforms-required-label\">*<\/span><\/label><input type=\"text\" id=\"wpforms-4053-field_7\" class=\"wpforms-field-large wpforms-field-required\" name=\"wpforms[fields][7]\" required><\/div><div id=\"wpforms-4053-field_1-container\" class=\"wpforms-field wpforms-field-email wpforms-one-half wpforms-first\" data-field-id=\"1\"><label class=\"wpforms-field-label\" for=\"wpforms-4053-field_1\">Email <span class=\"wpforms-required-label\">*<\/span><\/label><input type=\"email\" id=\"wpforms-4053-field_1\" class=\"wpforms-field-large wpforms-field-required\" name=\"wpforms[fields][1]\" spellcheck=\"false\" required><\/div><div id=\"wpforms-4053-field_8-container\" class=\"wpforms-field wpforms-field-text wpforms-one-half\" data-field-id=\"8\"><label class=\"wpforms-field-label\" for=\"wpforms-4053-field_8\">T\u00e9l\u00e9phone<\/label><input type=\"text\" id=\"wpforms-4053-field_8\" class=\"wpforms-field-large\" name=\"wpforms[fields][8]\" ><\/div><div id=\"wpforms-4053-field_3-container\" class=\"wpforms-field wpforms-field-text\" data-field-id=\"3\"><label class=\"wpforms-field-label\" for=\"wpforms-4053-field_3\">Objet <span class=\"wpforms-required-label\">*<\/span><\/label><input type=\"text\" id=\"wpforms-4053-field_3\" class=\"wpforms-field-medium wpforms-field-required\" name=\"wpforms[fields][3]\" required><\/div><div id=\"wpforms-4053-field_2-container\" class=\"wpforms-field wpforms-field-textarea\" data-field-id=\"2\"><label class=\"wpforms-field-label\" for=\"wpforms-4053-field_2\">Message <span class=\"wpforms-required-label\">*<\/span><\/label><textarea id=\"wpforms-4053-field_2\" class=\"wpforms-field-small wpforms-field-required\" name=\"wpforms[fields][2]\" required><\/textarea><\/div><\/div><!-- .wpforms-field-container --><div class=\"wpforms-submit-container\" ><input type=\"hidden\" name=\"wpforms[id]\" value=\"4053\"><input type=\"hidden\" name=\"page_title\" value=\"\"><input type=\"hidden\" name=\"page_url\" value=\"https:\/\/leseditionsducredij.org\/index.php\/wp-json\/wp\/v2\/pages\/1266\"><input type=\"hidden\" name=\"url_referer\" value=\"\"><button type=\"submit\" name=\"wpforms[submit]\" id=\"wpforms-submit-4053\" class=\"wpforms-submit\" data-alt-text=\"Envoi en cours...\" data-submit-text=\"Soumettre\" aria-live=\"assertive\" value=\"wpforms-submit\">Soumettre<\/button><img decoding=\"async\" src=\"https:\/\/leseditionsducredij.org\/wp-content\/plugins\/wpforms-lite\/assets\/images\/submit-spin.svg\" class=\"wpforms-submit-spinner\" style=\"display: none;\" width=\"26\" height=\"26\" alt=\"Chargement en cours\"><\/div><\/form><\/div>  <!-- .wpforms-container -->\t\t\t\t<\/div>\n\t\t\t\t<\/div>\n\t\t\t\t\t<\/div>\n\t\t<\/div>\n\t\t\t\t\t<\/div>\n\t\t<\/section>\n\t\t\t\t<\/div>\n\t\t","protected":false},"excerpt":{"rendered":"<p>informations de contact Si\u00e8ge social Lot 957 Sik\u00e8codji, Immeuble Fifamin, Cotonou, 01 BP 44 52 Appelez-nous Lundi &#8211; Samedi : O8h &#8211; 19h @ +229 01 64 22 22 75 @ +229 01 95 56 83 75 \u00c9crivez-nous contact@leseditionsducredij.org Besoin d&#039;aide? Vous avez une question ? Veuillez activer JavaScript dans votre navigateur pour remplir ce formulaire.Pr\u00e9nom *Nom *Email *T\u00e9l\u00e9phoneObjet *Message * Soumettre<\/p>\n","protected":false},"author":1,"featured_media":0,"parent":0,"menu_order":0,"comment_status":"closed","ping_status":"closed","template":"page-full-width.php","meta":{"footnotes":""},"class_list":["post-1266","page","type-page","status-publish","hentry","entry","owp-thumbs-layout-horizontal","owp-btn-normal","owp-tabs-layout-horizontal","has-no-thumbnails"],"jetpack_sharing_enabled":true,"_links":{"self":[{"href":"https:\/\/leseditionsducredij.org\/index.php\/wp-json\/wp\/v2\/pages\/1266","targetHints":{"allow":["GET"]}}],"collection":[{"href":"https:\/\/leseditionsducredij.org\/index.php\/wp-json\/wp\/v2\/pages"}],"about":[{"href":"https:\/\/leseditionsducredij.org\/index.php\/wp-json\/wp\/v2\/types\/page"}],"author":[{"embeddable":true,"href":"https:\/\/leseditionsducredij.org\/index.php\/wp-json\/wp\/v2\/users\/1"}],"replies":[{"embeddable":true,"href":"https:\/\/leseditionsducredij.org\/index.php\/wp-json\/wp\/v2\/comments?post=1266"}],"version-history":[{"count":43,"href":"https:\/\/leseditionsducredij.org\/index.php\/wp-json\/wp\/v2\/pages\/1266\/revisions"}],"predecessor-version":[{"id":5751,"href":"https:\/\/leseditionsducredij.org\/index.php\/wp-json\/wp\/v2\/pages\/1266\/revisions\/5751"}],"wp:attachment":[{"href":"https:\/\/leseditionsducredij.org\/index.php\/wp-json\/wp\/v2\/media?parent=1266"}],"curies":[{"name":"wp","href":"https:\/\/api.w.org\/{rel}","templated":true}]}}