{"id":5179,"date":"2024-02-15T13:20:46","date_gmt":"2024-02-15T12:20:46","guid":{"rendered":"https:\/\/leseditionsducredij.org\/?post_type=mbdb_book&#038;p=5179"},"modified":"2024-02-15T13:20:46","modified_gmt":"2024-02-15T12:20:46","slug":"droit-et-economie-de-lassurance-et-de-la-sante-melanges-en-lhonneur-de-yvonne-lambert-faivre-et-denis-clair-lambert","status":"publish","type":"mbdb_book","link":"https:\/\/leseditionsducredij.org\/index.php\/book\/droit-et-economie-de-lassurance-et-de-la-sante-melanges-en-lhonneur-de-yvonne-lambert-faivre-et-denis-clair-lambert\/","title":{"rendered":"Droit et \u00e9conomie de l&rsquo;assurance et de la sant\u00e9 : M\u00e9langes en l&rsquo;honneur de Yvonne LAMBERT-FAIVRE et Denis-Clair LAMBERT"},"author":6,"comment_status":"open","ping_status":"closed","template":"","class_list":["post-5179","mbdb_book","type-mbdb_book","status-publish","hentry","post","entry","owp-thumbs-layout-horizontal","owp-btn-normal","owp-tabs-layout-horizontal","has-no-thumbnails"],"jetpack_sharing_enabled":true,"_links":{"self":[{"href":"https:\/\/leseditionsducredij.org\/index.php\/wp-json\/wp\/v2\/books\/5179","targetHints":{"allow":["GET"]}}],"collection":[{"href":"https:\/\/leseditionsducredij.org\/index.php\/wp-json\/wp\/v2\/books"}],"about":[{"href":"https:\/\/leseditionsducredij.org\/index.php\/wp-json\/wp\/v2\/types\/mbdb_book"}],"author":[{"embeddable":true,"href":"https:\/\/leseditionsducredij.org\/index.php\/wp-json\/wp\/v2\/users\/6"}],"replies":[{"embeddable":true,"href":"https:\/\/leseditionsducredij.org\/index.php\/wp-json\/wp\/v2\/comments?post=5179"}],"wp:attachment":[{"href":"https:\/\/leseditionsducredij.org\/index.php\/wp-json\/wp\/v2\/media?parent=5179"}],"curies":[{"name":"wp","href":"https:\/\/api.w.org\/{rel}","templated":true}]}}

Droit et économie de l&rsquo;assurance et de la santé : Mélanges en l&rsquo;honneur de Yvonne LAMBERT-FAIVRE et Denis-Clair LAMBERT
