{"id":4937,"date":"2024-01-24T12:24:00","date_gmt":"2024-01-24T11:24:00","guid":{"rendered":"https:\/\/leseditionsducredij.org\/?post_type=mbdb_book&#038;p=4937"},"modified":"2024-01-24T12:24:00","modified_gmt":"2024-01-24T11:24:00","slug":"la-justice-comme-equite-une-reformulation-de-theorie-de-la-justice","status":"publish","type":"mbdb_book","link":"https:\/\/leseditionsducredij.org\/index.php\/book\/la-justice-comme-equite-une-reformulation-de-theorie-de-la-justice\/","title":{"rendered":"La justice comme \u00e9quit\u00e9 : Une reformulation de Th\u00e9orie de la justice"},"author":6,"comment_status":"open","ping_status":"closed","template":"","class_list":["post-4937","mbdb_book","type-mbdb_book","status-publish","hentry","post","entry","owp-thumbs-layout-horizontal","owp-btn-normal","owp-tabs-layout-horizontal","has-no-thumbnails"],"jetpack_sharing_enabled":true,"_links":{"self":[{"href":"https:\/\/leseditionsducredij.org\/index.php\/wp-json\/wp\/v2\/books\/4937","targetHints":{"allow":["GET"]}}],"collection":[{"href":"https:\/\/leseditionsducredij.org\/index.php\/wp-json\/wp\/v2\/books"}],"about":[{"href":"https:\/\/leseditionsducredij.org\/index.php\/wp-json\/wp\/v2\/types\/mbdb_book"}],"author":[{"embeddable":true,"href":"https:\/\/leseditionsducredij.org\/index.php\/wp-json\/wp\/v2\/users\/6"}],"replies":[{"embeddable":true,"href":"https:\/\/leseditionsducredij.org\/index.php\/wp-json\/wp\/v2\/comments?post=4937"}],"wp:attachment":[{"href":"https:\/\/leseditionsducredij.org\/index.php\/wp-json\/wp\/v2\/media?parent=4937"}],"curies":[{"name":"wp","href":"https:\/\/api.w.org\/{rel}","templated":true}]}}

La justice comme équité : Une reformulation de Théorie de la justice
